 61 is divided by x?
13
Let l(s) = -s - 8. Let k be l(-6). Let i be -2*((-27)/6 - k). Suppose 4*r = 2*f + 1 + 41, 5*r - 45 = -i*f. Calculate the remainder when 29 is divided by r.
9
Suppose 2*a = 2*j - 3*j + 210, -5*j + 1059 = a. Suppose 0 = -4*d - 4*f + j, 5*f = 3*d + d - 203. Calculate the remainder when d is divided by 18.
16
Let t(o) = 4*o - 1. Let j be t(2). Suppose -5*v = -2*m - 4, -v + j = 3*m - 2*v. Calculate the remainder when (-2 - 0)/((-2)/5) is divided by m.
2
Let a(b) = 5*b**2 + 2*b. Calculate the remainder when 18 is divided by a(1).
4
Suppose 4*c + 5 = 4*p - 23, -4*p + 12 = 4*c. Let a = -26 + -9. What is the remainder when (0 + c)*-1 - a is divided by 13?
11
Suppose 0 = 6*v - 11*v + 45. Let w = -17 - -34. What is the remainder when w is divided by v?
8
Let m(i) = 46*i**3 - i**2 - i + 1. Let f be m(1). Suppose -75 = -4*h + f. Let x(y) = y**3 - 5*y**2 + 2*y + 1. What is the remainder when h is divided by x(5)?
8
Let d(w) = 2*w + 1. Let r be d(1). Suppose r = a - 2*j, 0 = -3*a + 2*j - j - 6. What is the remainder when ((a - -34)/(-1))/(-1) is divided by 8?
7
Let k = -395 - -681. Calculate the remainder when k is divided by 73.
67
Let n be (-28)/8*8/(-14). Suppose n*i - 7 = 11. Suppose -2*a - 4*m + 36 - 8 = 0, 0 = -3*a - 3*m + 30. What is the remainder when i is divided by a?
3
Let d = -2 - -2. Suppose 4*j - 237 + 25 = d. Calculate the remainder when j is divided by 14.
11
Let a(r) = r**2 - 2*r + 3. Let g = 17 + -17. Calculate the remainder when 7 is divided by a(g).
1
Suppose 2*g + g = 240. Let b = g + -45. Suppose o + o = 6, -b = -c - 3*o. What is the remainder when c is divided by 9?
8
Suppose -122*i - 142 = -124*i. Calculate the remainder when i is divided by 36.
35
Let u(n) = -n + 6. Let i be u(4). Suppose -4*c - 48 = -5*x + 57, 42 = i*x + 5*c. Suppose -g = -0 - x. Calculate the remainder when g is divided by 11.
10
Let p be 6*((-89)/(-3) + 3). Suppose 0 = -5*z - p + 571. Calculate the remainder when z is divided by 19.
18
What is the remainder when 7*2 + 0 + -4 is divided by ((-8)/(-10))/((-2)/(-15))?
4
Suppose 0 = -6*i + 2*i + 4. Suppose -4*b + 30 + 22 = -4*u, 4*u + 44 = 3*b. Calculate the remainder when -22*(-3 + 1 + i) is divided by b.
6
Suppose -56 = 5*m - m. Let y = 42 + m. What is the remainder when 83 is divided by y?
27
Let n = -115 + 170. Let l = -25 + n. Calculate the remainder when l is divided by 16.
14
Let i(l) be the first derivative of -l**3/3 - 13*l**2/2 - 3*l - 3. What is the remainder when i(-11) is divided by (10/(-3))/(2/(-6))?
9
Suppose 3*r - 3*f = 12, 7*r + 2*f = 2*r - 15. Let d(t) = -5*t + 4. Let s(p) = p. Let z(a) = r*d(a) - 4*s(a). Calculate the remainder when 3 is divided by z(6).
1
Let t(m) = -2*m - 12. Let w be t(-12). Suppose 0 = c - 4*c - 3*h, 4*c - w = 2*h. What is the remainder when 2 is divided by c?
0
Suppose 5*f - 5*d - 38 = 2, -5*d + 10 = 0. Suppose -4*k = 2*m - 20, 2*m = -k + 5*k + 20. Suppose 5*n - 85 = m. Calculate the remainder when n is divided by f.
9
Suppose -27 = -5*p + t - 7, -8 = -2*p - t. Suppose -f - 31 = -p*k, -4*k = 4*f - 3*f - 41. What is the remainder when 24 is divided by k?
6
Let g = -7 - -19. Suppose -2*u + 94 = -0*u. Calculate the remainder when u is divided by g.
11
Let m(s) = -s + 14. What is the remainder when 40 is divided by m(0)?
12
Calculate the remainder when 27 is divided by 1 - (-49 - 3)/4.
13
Let s be 0/(-3 - 0/(-2)). Calculate the remainder when (3 - s) + 4 + -2 is divided by 2.
1
Let p be 172/5 + (-24)/(-40). Suppose -p - 81 = -4*v. What is the remainder when v is divided by (15/2)/(4/8)?
14
Let d(t) = -t**2 - 14*t + 2. Calculate the remainder when 3 is divided by d(-14).
1
What is the remainder when 14 is divided by (5/15 - -1)*6?
6
Suppose -8 = -f + r, -4*f + 14 = -r - 3. Suppose -3*s - 84 = -5*l, -4*l - 54 = -7*l + f*s. What is the remainder when 27 is divided by l?
12
Let x(o) = 10*o**2. Suppose 0*u = 4*u + j - 20, -5*j - 38 = -3*u. What is the remainder when x(-1) is divided by u?
4
Let r = 12 - 8. Calculate the remainder when (-30)/25*(-10)/r is divided by 1.
0
Suppose -3 = -d + 3*g + 1, 3*g - 61 = -4*d. Let m be -3 - (-3 + 13) - -1. Calculate the remainder when (114/(-4))/(m/16) is divided by d.
12
Let h(m) = -m**2 + 16*m - 4. What is the remainder when h(7) is divided by 15?
14
Let g be (-4)/(-14) - 248/(-14). Suppose g = 2*l - 5*j, -l + 2*j + 5 + 5 = 0. What is the remainder when 27 is divided by l?
13
Suppose 5*g - 30 = -2*b, -b = -g - 3 + 2. Suppose -3*o - 4*a = 2 - b, o + 4*a + 7 = 0. What is the remainder when (-3)/(-6) + (-54)/(-4) is divided by o?
4
Suppose -x - 2 = -204. Calculate the remainder when x is divided by 34.
32
Suppose w = 13*w - 204. Calculate the remainder when w is divided by 5.
2
Suppose -3*k + 3*q = 0, -4*k - 3 - 9 = -q. Let w(b) = -b**2 - 6*b - 5. What is the remainder when 8 is divided by w(k)?
2
Let z(i) be the second derivative of -63*i**5/20 - i**4/6 - i**3/6 - 2*i. Let n be z(-1). Let t = 105 - n. Calculate the remainder when t is divided by 22.
21
Let d(z) = 4*z**2 - 8*z + 5. Let n be d(5). Suppose 10 = f + 2*x - 3*x, 0 = 4*f + x - n. Calculate the remainder when 58 is divided by f.
13
Suppose -12*r + 397 - 85 = 0. Calculate the remainder when 129 is divided by r.
25
Suppose -6 = 3*u - 30. Let c(s) = s**2 + 3*s - 6*s - 4 + u. Calculate the remainder when 14 is divided by c(4).
6
Let u be (-24)/(-14) + 2/7. Let v be 3 - 1 - (0 + u). Let s = v - -10. What is the remainder when 18 is divided by s?
8
Let x be (186/3 - 1) + 1. Let s = 95 - 61. Calculate the remainder when s is divided by x/5 + (-6)/15.
10
Let i = 11 - 8. Suppose -51 = -i*h + 2*m, 2*h = 3*h + 3*m - 6. Let a = 80 - 51. Calculate the remainder when a is divided by h.
14
Let a = 14 + -7. Let x be 4/6 - 4/6. Calculate the remainder when -2 - (-15)/(1 + x) is divided by a.
6
Let a(q) = -2*q**3 + 3*q**2 + 3*q + 1. Calculate the remainder when 43 is divided by a(-2).
20
Let f = -14 + 36. Let j = 68 - f. Suppose 13 = g + m - j, -2*g = -4*m - 112. Calculate the remainder when g is divided by 20.
18
Let m be 12/(-9)*15/2. Let q(s) = 2*s**2 + 13*s + 4. What is the remainder when q(m) is divided by 19?
17
Suppose 0*n = 2*n + 24. Let l = n + 38. Calculate the remainder when l is divided by 9.
8
Suppose i - 20 = -4*i. Let a = 4 - 41. Let b = a + 46. What is the remainder when b is divided by i?
1
Let g(f) = -f**2 - 7*f - 7. Let v(w) = w + 2. Let m be v(-7). Calculate the remainder when g(m) is divided by 2.
1
Let m(s) = 4*s**2. What is the remainder when 109 is divided by m(2)?
13
Suppose 15 = 3*t, 2*f - 3*t + 99 = 5*f. Suppose f = 5*n - 42. Let k = -1 + 9. What is the remainder when n is divided by k?
6
Suppose -25*u + 5 = -24*u. Calculate the remainder when 7 is divided by u.
2
What is the remainder when 10/(-55) + 255/11 is divided by 9?
5
Suppose 2*z = -2*w + 210, -z + 43 = -5*w - 38. Calculate the remainder when z is divided by 26.
23
Suppose 3*h + 3*s = 75, -17*s = 5*h - 14*s - 131. What is the remainder when h is divided by 5?
3
Suppose 3*a + 0*x - 62 = x, 3*x = a - 34. Let y(b) = -3*b - 7. What is the remainder when a is divided by y(-6)?
8
Let y(a) = 2*a + 4. What is the remainder when y(6) is divided by (-72)/(-27)*(-15)/(-4)?
6
Suppose 0*s = -4*s. Suppose 25 = 3*y + 3*b - 110, s = -2*y - 5*b + 105. What is the remainder when y is divided by 1/((-1)/14)*-1?
12
Let a = -8 - -3. Let u(v) = 2*v**2 + 2*v + 1. Let l(i) = -2*i**2 - 3*i. Let c(t) = -3*l(t) - 2*u(t). What is the remainder when c(a) is divided by 6?
5
Calculate the remainder when 17 is divided by ((-40)/6)/((-22)/6 + 3).
7
Calculate the remainder when (1*-1)/((-10)/530) is divided by 14.
11
Let d = 53 + -42. Calculate the remainder when 29 is divided by d.
7
Suppose -126*y = -131*y + 25. Calculate the remainder when 10 is divided by y.
0
Suppose 6 = 3*s + 3*g, s + 0*g - 3*g = -6. Suppose 20 = -4*w, 4*l + 0*w - 7 = -5*w. What is the remainder when -21*(s - 0 - 1) is divided by l?
5
What is the remainder when 59 is divided by ((-12)/(-2))/((-1)/(-2))?
11
Let t(x) = x**2 + x - 13. Calculate the remainder when 40 is divided by t(-5).
5
Let v be (1 + -10)/(9/(-6)). Let a(w) = 2*w + 6. Let u(s) = -s**3 - 11*s**2 - 3*s + 1. What is the remainder when u(-11) is divided by a(v)?
16
Suppose 0 = -2*o + 4*w + 76,